 = 0. Is j a composite number?
False
Suppose -y - 3*y = -2*j - 4, -5*y + 5*j = -10. Suppose c - 3*c = 3*p - 1617, 3*c + 9 = y. Is p a composite number?
False
Suppose 4*b - 2*u = 6242, 2*b + 0*u + 4*u - 3126 = 0. Is b a prime number?
False
Let c = -769 + 1410. Is c a composite number?
False
Let c = 362 - 588. Is 10/(-3 - c/74) prime?
False
Is (-70)/(-4)*(6 + 272/10) a composite number?
True
Let f(u) = 131*u - 170. Is f(12) prime?
False
Let u(y) = 36*y**2 - 3*y - 1. Let k(f) = f**2 + 1. Let x(o) = 4*k(o) + u(o). Is x(2) a composite number?
False
Let s = -1380 - -591. Is s*1*(-3)/(27/6) a prime number?
False
Let j(a) = 18*a**3 - a**2 + 4*a - 5. Let u(f) = f. Let y be u(3). Suppose y*g - 8 = -g. Is j(g) prime?
False
Suppose -45073 = 323*h - 330*h. Is h prime?
False
Is ((-22775)/(-10))/(1/2) composite?
True
Let c = -16 + 23. Suppose 0 = -2*f - 31 + c. Let q(a) = -8*a - 3. Is q(f) a composite number?
True
Suppose 0 = -h + 1042 - 341. Let k = h - 408. Is k a prime number?
True
Let n(p) = -3*p - 1. Let o be n(-1). Suppose 11 = 3*x - 3*s + 2, -3*s - 1 = -o*x. Is 1/4 - (-374)/x composite?
False
Suppose 5*c - 5*n = c + 2817, -5*c + 3511 = 4*n. Is c a composite number?
True
Let c(w) = 331*w + 2. Let i be c(6). Suppose i + 15139 = 9*o. Is o a prime number?
False
Let j = 95153 - 63642. Is j a composite number?
False
Suppose 0 = 5*t - 15, 0 = -2*f - 0*t - 2*t + 1048. Is f a prime number?
True
Let g be ((-4)/6)/((-7)/42). Suppose 5*u = g*z - 542, -2*u = u + 6. Is z composite?
True
Suppose 6*m = 10*m + 56. Let w = m + 53. Is w a composite number?
True
Suppose 0 = -2*z + 3*z. Suppose z = 3*j - 5*j + 132. Suppose -g - j = -4*i + 84, -i - g = -35. Is i composite?
False
Let x(h) = 20345*h - 147. Is x(2) prime?
True
Let q(c) = -c**3 - 2*c**2 + 2*c + 1. Let l be q(-2). Let x be 42/(18/4 + l). Let u = 65 - x. Is u a prime number?
True
Let r(y) = -105*y**3 - 7*y**2 + 4*y - 1. Is r(-3) a composite number?
True
Suppose -119*x - 24 = -115*x. Is 36038/6 + 8/x a prime number?
False
Suppose -5*n + 586 = -2084. Let b(c) = -31*c - 154. Let u be b(-35). Let j = u - n. Is j composite?
False
Is 59604/(-36)*(0 - (-18)/(-2)) prime?
False
Suppose -z = 3*w - 10, 12 = -5*z - 3*w + 38. Let f = z - 0. Suppose -3*l - 44 = -k - 810, -f*l - k + 1033 = 0. Is l a prime number?
True
Let h be 3 - (-28)/(-10) - 17609/(-5). Is (0 + h/9)/((-6)/(-9)) a prime number?
True
Suppose -125454 = 10*i - 2654. Let b = i - -18261. Is b composite?
False
Let d = 39308 - 27069. Is d a composite number?
False
Let z be (170/(-8))/(14/(-280)). Suppose -4*b + 4*p + 4772 = 0, 4*p + 753 = b - z. Is b a prime number?
False
Let p(t) = -5*t**3 + 22*t**2 + 21*t - 17. Let b(w) = -6*w**3 + 23*w**2 + 22*w - 17. Let h(r) = -4*b(r) + 5*p(r). Is h(13) prime?
True
Let r(j) be the first derivative of 19*j**4/2 - 2*j**2 + 6*j - 16. Is r(2) a composite number?
True
Let v(q) = 2*q - 10. Let g be v(6). Suppose -b + 3499 = g*s + s, 0 = 4*b + 5*s - 14010. Is b prime?
False
Suppose -4*l + 5*j = -15, 2*l - 9 + 0 = 3*j. Suppose -3 = -a - l*a. Let k(b) = 78*b**2 + 5. Is k(a) a composite number?
True
Let c(b) = 13*b**2 + 9*b + 8. Let d be c(-1). Is -1 + (6/(-9) - (-12896)/d) composite?
True
Suppose 4*v - 1 = -17, 5 = -5*g - 5*v. Suppose 65 = g*r - 1. Is r a composite number?
True
Let a(s) = -s**3 + 2*s**2 - 2*s - 776. Let o be a(0). Let w = -89 - o. Is w a composite number?
True
Let j be 22/1*633/(-6). Let x = 3718 + j. Is x a prime number?
False
Suppose 4*r - 4*i = 4848, -5*i + 897 = 4*r - 3906. Is r a prime number?
False
Let x(v) = -v**2 + 16*v - 51. Let n be x(12). Is (n + 6)*3898/6 prime?
True
Let w be 6 + -508 - (2 + 1). Suppose 15 = 3*v, -4*v + 5142 = -5*a + 112. Let o = w - a. Is o a composite number?
True
Suppose 1251*o - 1256*o = -123745. Is o a prime number?
True
Let g(q) be the first derivative of q**4/2 - 2*q**3 + 3*q**2 - 3*q + 1. Let f be g(4). Suppose 0 = 2*i - 169 - f. Is i a prime number?
False
Suppose -4*w = 1 - 5. Let z be (w - 6/3) + -71. Let q = -35 - z. Is q prime?
True
Let k = -65768 - -108973. Is k prime?
False
Let d(c) be the first derivative of 13*c**2/2 - 13*c + 17. Is d(6) a composite number?
True
Let d(i) = -2640*i - 49. Is d(-9) a prime number?
False
Is ((-1002340)/(-368))/(0 - 1/(-4)) prime?
False
Let k(s) = -3224*s**3 - 17*s**2 - 59*s + 11. Is k(-4) a composite number?
True
Let a(w) = 5306*w - 823. Is a(6) composite?
False
Let b(f) = 47*f - 258. Is b(15) a prime number?
False
Let o(z) = z**3 - 5*z**2 - 6*z + 1. Let n be o(6). Let x = 3 - n. Suppose -x*b = 4*k - 2*k - 370, 2*b - 368 = -3*k. Is b prime?
False
Let p(q) be the third derivative of 83*q**5/120 - q**3 - 2*q**2. Let h(d) be the first derivative of p(d). Is h(1) prime?
True
Suppose 7069 + 5101 = 5*n - p, -3*p - 12160 = -5*n. Is n prime?
False
Let h(u) = -214*u - 4. Let j be h(-4). Suppose -3*k = -0*k - j. Suppose 4*c + k - 2352 = 0. Is c a composite number?
True
Is 164/32 + -5 - (-4167)/8 a prime number?
True
Let a be (12 + -9)*5/3. Suppose a*x + r - 421 = 0, -4*x + 343 + 17 = -5*r. Is x prime?
False
Let l(r) = r**3 - 22*r**2 + 3*r - 161. Is l(28) prime?
False
Suppose 0 = 6*o - 4*o - w - 13, 4*o + 3*w = 31. Suppose o*a = 7103 + 198. Is a a prime number?
False
Suppose -7*q + 442 + 244 = 0. Let l = 153 + q. Is l a composite number?
False
Let n = 0 - -4. Suppose -d + 65 = n*d. Is d a prime number?
True
Let k = 17 - -25. Let h be (-6)/(-21) + 114/k. Suppose 6704 = 3*n + 2*p + 2309, n = h*p + 1465. Is n a composite number?
True
Suppose -5*f + 752 = 3*f. Let b = 603 + f. Is b composite?
True
Let p = -6 + -1. Let y = -5 - p. Is y + -2 + 75 - 1 a prime number?
False
Suppose 6*d + 4 = 7*d. Let o = 178 + 440. Suppose 3*q = 4*j - 0*j - 643, 0 = d*j + 2*q - o. Is j prime?
True
Let r(q) = -q + 4. Let l be r(2). Suppose -l*n = -4*n + 1954. Is n a prime number?
True
Let f(i) = -i**3 + 4*i**2 + 4*i + 5. Let h be f(5). Suppose h = u + 4 - 13. Suppose v + 2 = u. Is v a prime number?
True
Let o be ((-9)/6 - 0/(-1))*-4. Let q(k) = k**3 + k + 4*k + 2*k - 8 - 2*k**2. Is q(o) a prime number?
False
Let c(k) be the third derivative of k**5/60 + k**4/12 - k**3/6 + 4*k**2. Let t be c(-2). Is 230 + -3 + t - 0 prime?
False
Suppose 3*o + 4*f = 2*f - 8, -3*f = 2*o - 3. Is -917*(o + 4)/2 a composite number?
True
Let n be 4/6*(-3 - -15). Suppose 3*l - 19 = n. Suppose -l*y + 6*y = -501. Is y prime?
True
Let q(i) = 9*i**2 - 17*i + 25. Let z = -18 + 33. Is q(z) prime?
False
Suppose 5*l = p + 86105, -51663 = -3*l - 70*p + 73*p. Is l a composite number?
True
Let w = -14 - -13. Let r be (w + -2)*(-4)/6. Suppose 3*v - 1118 = -5*p, -v - r*p = 3*p - 376. Is v prime?
False
Let c(i) be the second derivative of -i**8/2240 - 11*i**7/2520 - i**6/72 - i**5/40 + 7*i**4/12 - 4*i. Let o(g) be the third derivative of c(g). Is o(-7) prime?
True
Let b(c) be the third derivative of 499*c**6/120 - c**5/60 + c**4/12 - c**3/6 + 2*c**2. Is b(1) prime?
True
Is (23/4 - 6)*-9676 prime?
False
Let g = -20 + 22. Suppose g*y + 3*y + x + 559 = 0, -556 = 5*y + 4*x. Let w = y + 171. Is w a composite number?
False
Let a(l) = -273*l - 6. Let z be a(-3). Suppose 0*i + 3*i - z = 0. Suppose -i - 20 = -3*g. Is g a prime number?
True
Suppose -4*g + 3906 + 3094 = 2*b, 3*b - 8750 = -5*g. Suppose 0 = -6*t + t - g. Let y = t + 499. Is y a composite number?
False
Suppose 0 = -149*h + 140*h + 163071. Is h composite?
False
Let j(f) = 6*f**2 - 7*f + 6. Suppose -2 = -2*p + 6. Let q be j(p). Suppose r = 3*r - q. Is r a prime number?
True
Let m(p) be the first derivative of p**4/4 - 13*p**3/3 - 21*p**2/2 - 10*p + 2. Let c be m(15). Let h = -16 + c. Is h composite?
False
Let o = 5452 + 3475. Is o a prime number?
False
Suppose 0 = -4*c - 0*c - 5*y - 6, -4*y - 9 = -c. Let t be (2 - 0) + (c - -1505). Suppose -4*q = -0*q - t. Is q a composite number?
True
Let i = 87456 - 53203. Is i composite?
False
Let x(q) = 558*q + 211. Is x(15) composite?
False
Is (-3)/(4/(-26) - (-119209)/780689) composite?
True
Let u(p) = 44*p**2 - 3*p - 1. Is u(14) prime?
True
Let y(p) = p**3 + 31*p**2 - 39. Let o(r) = -14*r. Let u be o(1). Is y(u) composite?
True
Let q be (1/3)/(5/6135). Let c = 756 - q. Is c a composite number?
False
Suppose 549 + 4346 = 5*l. Let a = l - 578. Suppose 4*b - a - 195 = 0. Is b composite?
False
Let f(p) = 757*p + 217. Is f(22) c